ate -4 + -75 + (-3 - -5) + -2 - (-3 - -4).
-80
Evaluate 1 - (15 + -3) - (1 + -9 + -5).
2
Evaluate -105 + 6 + 1042 + -1025.
-82
Calculate 0 - (25 + (-5 - 9) - 22) - (1 - 29).
39
(-473 + 487 - (1 + -10)) + (2 - 179)
-154
What is the value of -1 - 2 - ((0 - (16 - 0)) + (7914 - 7919))?
18
What is (16 - (9 + 12)) + -15 + -11?
-31
What is ((4 - -13) + -4 - (42 - 168)) + -23?
116
What is the value of (-12 - -43 - 12) + (2 - -1) + 30 + -45?
7
What is -46 - (-18 + 47 + -32 + 5)?
-48
What is the value of 23 - ((-1 - 11) + 68) - (-4 - (1 + -5))?
-33
Calculate 49 - (-42 + 67 - -9).
15
What is 8 + 37 + -109 + 36?
-28
Calculate 2804 + -2788 + -1 + (0 - -3) + 20.
38
Evaluate -7 + (-21 + 15 - (39 - -12 - 5)).
-59
Calculate -5 + 0 + (-56 - (-181 - -71)).
49
What is the value of (-17 - -7) + 0 - (-35 - 55 - -85)?
-5
What is the value of (-43 - (0 + 1)) + (4 - (9 + (-34 - -31)))?
-46
Evaluate -24 - -9 - (5 - 6 - (56 + 12)).
54
Calculate 2 - -9 - 7 - 20 - (89 - 116).
11
Evaluate 9 + -2 - (-5 + -2 + (-2 + -16 - -16)).
16
Evaluate -23 + (4 - 4 - -3) + (131 - 201).
-90
What is the value of -11 + 6 + 0 + 17 + 1?
13
Evaluate 114 + 6 - 141 - (-54 - 0).
33
Calculate 9 + (8 - 36) + (66 - 67).
-20
What is the value of -49 - -1 - (-1 - ((4 - 1) + -20 + 8))?
-56
What is the value of (-14 - -18) + (12 - (10 + -4)) + 46 + -8?
48
-6 + (8 - (-1 + (-8 - -1) + (23 - 42)))
29
What is the value of -462 + 534 - (52 + 6)?
14
Evaluate (3 - -48) + -51 - 76.
-76
Calculate (-173 - -237) + (-16 - 114).
-66
What is -3 + (2 - (-1 + 1)) + -6 + (750 - 760)?
-17
Evaluate 4 + ((29 - 16) + -33 - -21).
5
Evaluate (-2 - -59) + -13 + (-2 - -7) + (-70 - -75).
54
Evaluate (-212 - -71) + 54 + 34.
-53
(-32 - -7) + 54 + -26 + -2 + 37 + 1
39
What is (3 - 43 - (-80 - 38)) + 8?
86
Evaluate -2 - (-2 - 27) - 18 - (-35 + -1).
45
What is (33 - 46) + 32 - 51?
-32
Calculate (58 - 51) + 1 + -14 + (-378 - -424).
40
(-7 - (3 - -2)) + (-46 - -11) - -3 - 12
-56
Evaluate -88 - -80 - ((0 - 0) + -5 + -153 + 154).
-4
(51 - (3 + -5)) + -29 + 17 - -3
44
13 - (-13 - 1 - ((-50 - 30) + 115))
62
Calculate -2 + -2 - (-9 + 0 - 31) - -4.
40
-44 + 47 + (22 + -32 - 4)
-11
What is -16 + 2 + -2 - (2 - 22)?
4
What is the value of 29 - 0 - (-26 - (-111 - -102))?
46
Calculate (-91 + 34 - -27) + -11 - 25.
-66
12 + 0 + 3 + -121 + 131 + -53
-28
What is -81 - (57 + -71 + (-1 - -9))?
-75
Evaluate (1 - -38) + 1 + (26 - (-24 - (-26 - 21))).
43
What is (-44 - -1) + (15489 - 15483)?
-37
What is the value of (0 - 40) + (-81 - -47 - -49)?
-25
What is the value of (305 - 167) + -130 + -18 + 0?
-10
Calculate -36 + (-20 - -62) - 24.
-18
What is the value of 5 - ((-3 - (4 + -79)) + (-120 - -109))?
-56
62 + 0 - (15321 - 15266)
7
45 - ((-2 - -1) + 7 + (-26 - -16) - 2)
51
-45 - (-170 + 64 - -11)
50
(2 - 3) + 2 + -7 + -5
-11
What is 14 + 2 - (-19 + 3) - 23?
9
Evaluate 37 + (-8 - ((4 - 1) + (-19 - -2) + 5)).
38
Evaluate -13 + (-17 - -70) + -25 + (0 - 53).
-38
Calculate 18 - (-27 + (27 - 18)).
36
Evaluate -18 - (-75 + 93 - 48).
12
-37 + (20 - -38) + 26
47
1492 - 1526 - (4 - -29)
-67
Evaluate 81 + (-25 - (-13 - (-10 + 15))) - -15.
89
What is (-137 - -142 - 3) + (-1 - -10) + -1?
10
Evaluate -79 - 53 - -153 - (-1 + 3).
19
What is the value of (-53 - 10) + -4 + 3 + 25?
-39
What is the value of 15 - ((-52 - 1) + 117)?
-49
What is the value of -2 + -6 - (-18 + 7 + 5)?
-2
What is -46 - (33 - -34) - (11 - (-8 + 23))?
-109
What is the value of -36 - (-8 - (-1 - (10 + -4 + 0)))?
-35
Calculate (-10 - (-93 - -47)) + -61.
-25
What is (11 - (3 - -2)) + 10 + (-5 - -35 - -7)?
53
What is 94 + 8 + -1 + -4 - (11 - 10)?
96
-28 + 4 + 42 + -1 + -4 + -1
12
What is the value of (27 - -2) + -34 + 2 + 1 - -39 - -6?
43
-9 + (-15 - (-43 - -16))
3
-9 - (19 - (29 - 7) - (20 + -3))
11
-3 - -30 - (-172 + 159 + 13 + 0)
27
-1 + 2 + -9 + 21 + -25 + 14 + 42
44
What is -15 - (-17 + 58 + (110 - 54))?
-112
What is the value of 11 - (-4 + 26 + 3 + -18) - (34 - -2)?
-32
What is the value of -4 - -15 - ((-2 - 2 - (-13 - -13)) + -5)?
20
Calculate (-3 - (14 - 22)) + 16 + 17.
38
-11 + 0 + (31 - (-62 - -78))
4
What is 16 - -2 - 17 - (-10 + 8) - (0 + 1)?
2
Calculate 15 - -2 - (63 + -31 + -48 - (-1 - 8)).
24
What is -9 + ((-4 - -1) + 2 - (-24 - (13 - 60)))?
-33
Calculate (10 - 150) + 146 + -3 + -13 + -1.
-11
Evaluate (4 + -20 - -6) + 46 + -110.
-74
What is -39 + -48 + 71 + -26?
-42
Evaluate 2648 - 2529 - (-5 - -71).
53
What is the value of (6 - (-8 + 11)) + 40 + (2 - 0) + 5?
50
Calculate -48 - ((21 - 8) + 13 + -29).
-45
What is the value of (-43 - (-57 - 19)) + (9 - (-3 + 0 + 0))?
45
What is 26 + -38 + (-31 - (-23 + -21))?
1
Evaluate 48 + 17 + -68 + -42.
-45
What is the value of -118 + 12 + -9 + -1 + 12 + 4?
-100
-27 - (-12 + 37 + -7 + 0 + -1)
-44
What is -88 + 92 - (47 + -3 - -6)?
-46
Calculate (0 - -71) + (1 - -28 - (-327 - -370)).
57
Evaluate (-74 - (-26 - 105)) + 7.
64
19 - (-17 + (1 - 6) + 7)
34
What is the value of 17 + 142 + (-17 - -1) + -17 + -11?
115
(-6 - -3) + (-137 - -114) + 3
-23
Evaluate -52 + (25 - 55 - -38).
-44
What is the value of 25 + -46 + 92 + -132?
-61
What is the value of (-2 - ((2 - -19) + -11)) + 34 + 0?
22
What is the value of 2 + -3 + -47 + (2491 - 2467)?
-24
Calculate (-66 - (-5 + -19 - 7)) + -18.
-53
Calculate -11 + 18 + (6 + (-9 - 5) - 11).
-12
What is (-68 - (-6 - 15) - (21 - 4)) + -2?
-66
What is -60 + 72 - (2 - -14 - (-1 + 6))?
1
What is the value of 5 + -1 + 12 + (-211 - -245)?
50
What is -100 + 147 - (13 + 6 + -57)?
85
18 + -1 - (-82 + -19 + 110)
8
Calculate (-64 - (5 + -7 + 17 + -26) - 6) + -1.
-60
What is 15 - 5 - (-9 - -34 - -8) - (-2 - 0)?
-21
What is the value of 144 + -126 - (2 + 7) - (97 + -6)?
-82
What is -9 - 5 - (-40 - ((-14 - -14) + -4))?
22
What is 59 + (50 - 27 - -13) - -14?
109
Evaluate 19 - -5 - 30 - 44.
-50
Calculate -32 - (12 - 57 - 2).
15
-2 + (-2 + (24 - 8) - -7)
19
-44 - (169 - 77 - 45)
-91
What is 6 + 3 - -44 - (-238 + 241)?
50
What is 1 + 89 - ((35 - 6) + (22 - 68) - -18)?
89
Evaluate 0 + -6 + 77 + -1 + (8 - 6).
72
-90 + 15 + 35 + -29 - 6
-75
(93 + -202 - -42) + 82
15
Calculate 83 + (-2 - 39 - 33) - (1 - 0 - 78).
86
31 + (-22 - 16) - (40 + (-9 - -6))
-44
3507 + -3527 + (-1 - 27) - 32
-80
Calculate 9 - (-42 + 21 + 161) - (1 - 15).
-117
Calculate -49 - (7 + 84 + -29).
-111
What is the value of -4 + -1 + 0 - ((212 - 235) + (-2 - 51))?
71
Calculate 266 + -203 + (0 - 6).
57
Evaluate 80 + (-106 - (-68 + -56)).
98
What is the value of -98 - -3 - (-6 + (6 - 18) - -4)?
-81
Calculate 12 + (-9 - (5 - 5)) + (0 - 8 - -33).
28
Calculate (-3 + -3 - (20 + -3 - 15)) + -18 + 11.
-15
-11 + -1 + 20 + -6 - -5 - -4 - -32
43
Calculate (-28 - -7) + 12 + -7 + 4 + 5.
-7
(-126 - -68) + (-4 - -23)
-39
What is (-87 - -1) + (-179 + 303 - 116)?
-78
Calculate 12 + (17 - -36) - 29 - 47.
-11
What is the value of -58 + (0 + 103 - 45)?
0
What is the value of 7 - (72 - (19 - -79) - (1 - (1 + 3)))?
30
What is (-13 - (-45 + 45)) + -19?
-32
What is 422 + -320 + 17 + -96?
23
What is the value of -1 - -42 - (-2791 + 2830)?
2
5 + 28 + (-86 - -81 - 20)
8
What is 12 + -44 + (-85 - -82 - (-24 + 0))?
-11
What is -12 + -16 + (34 - -32) + -24?
14
What is -20 + -2 + -16 + 23 + 7?
-8
Evaluate (-2 + 1 - (1 + 0)) + -254 + 254.
-2
What is (-8 - (18 + -12 - 6)) + -6 - (-6 - -1)?
-9
Evaluate (-61 - -29) + (6 - 7) + 3 + -7 + 3.
-34
Evaluate 50 + -59 + 14 + (0 - 4 - 8).
-7
What is (-4 + -7 - -15) + 32 + -40 + 47?
43
Evaluate -20 + 10 + (-16 - -14) + 2.
-10
Evaluate -38 - (23 - (-71 - -158)).
26
Calculate -32 - (-14 - (-1 - 14 - (41 + -51))).
-23
(36 - (19 + -7)) + -82 + -1
-59
What is 104 + (39 - 195) + -49?
-101
Evaluate 18 - (-53 - (-42 - -15)).
44
What is (-44 - -16) + (-1 - 4 - -17)?
-16
What is the value of 86 + 0 + 1 + -10826 + 10861?
122
What is (-23 - (-4 - (4 - (-2 - 5)))) + (3 - 47)?
-52
What is the value of 29 + -83 + 88 - 41?
-7
Evaluate 55 + (-4 - -3) - (19 - (32 - 16 - -8)).
59
Evaluate 29 - (-117 - -4 - -243).
-101
Calculate -93 - (-15 + -34 + -2).
-42
What is the value of (-48 - (-13 + -24) - 18) + -83?
-112
(-26 - (43 + -36)) + 28
-5
What is the value of 21 + -1 - (265 - 259) - -43?
57
What is 31 + (-37 + 3 - -63) + -35?
25
(1 - (52 + (-4 - (0 + 1)))) + 59 + -53
-40
Evaluate 2 - (-7 + 1 - (-144 + 32 - -52)).
-52
Calculate (171 - 195) + (-19 - -18).
-25
Calculate -40 - ((32 - 94) + (-